{"id":1783,"date":"2024-01-07T15:01:52","date_gmt":"2024-01-07T15:01:52","guid":{"rendered":"https:\/\/zs-belzyce.edu.pl\/?page_id=1783"},"modified":"2024-01-07T16:43:58","modified_gmt":"2024-01-07T16:43:58","slug":"projekt-kompetencje-najwazniejsze","status":"publish","type":"page","link":"https:\/\/zs-belzyce.edu.pl\/?page_id=1783","title":{"rendered":"Projekt: &#8222;Kompetencje najwa\u017cniejsze&#8221;"},"content":{"rendered":"\t\t<div data-elementor-type=\"wp-page\" data-elementor-id=\"1783\" class=\"elementor elementor-1783\">\n\t\t\t\t\t\t\t\t\t<section class=\"elementor-section elementor-top-section elementor-element elementor-element-6159681 elementor-section-boxed elementor-section-height-default elementor-section-height-default\" data-id=\"6159681\" data-element_type=\"section\">\n\t\t\t\t\t\t<div class=\"elementor-container elementor-column-gap-default\">\n\t\t\t\t\t<div class=\"elementor-column elementor-col-100 elementor-top-column elementor-element elementor-element-9f989a1\" data-id=\"9f989a1\" data-element_type=\"column\">\n\t\t\t<div class=\"elementor-widget-wrap elementor-element-populated\">\n\t\t\t\t\t\t\t\t<div class=\"elementor-element elementor-element-0b6eb7c elementor-widget elementor-widget-text-editor\" data-id=\"0b6eb7c\" data-element_type=\"widget\" data-widget_type=\"text-editor.default\">\n\t\t\t\t<div class=\"elementor-widget-container\">\n\t\t\t<style>\/*! elementor - v3.17.0 - 08-11-2023 *\/\n.elementor-widget-text-editor.elementor-drop-cap-view-stacked .elementor-drop-cap{background-color:#69727d;color:#fff}.elementor-widget-text-editor.elementor-drop-cap-view-framed .elementor-drop-cap{color:#69727d;border:3px solid;background-color:transparent}.elementor-widget-text-editor:not(.elementor-drop-cap-view-default) .elementor-drop-cap{margin-top:8px}.elementor-widget-text-editor:not(.elementor-drop-cap-view-default) .elementor-drop-cap-letter{width:1em;height:1em}.elementor-widget-text-editor .elementor-drop-cap{float:left;text-align:center;line-height:1;font-size:50px}.elementor-widget-text-editor .elementor-drop-cap-letter{display:inline-block}<\/style>\t\t\t\t<h1><a href=\"https:\/\/docs.google.com\/document\/d\/1W3Xxhn89jh_0LmV4BPx90f9eoMINhzKl\/edit?usp=sharing&amp;ouid=117965855946921972467&amp;rtpof=true&amp;sd=true\"><strong>Regulamin rekrutacji<\/strong><\/a><\/h1><h1><a href=\"https:\/\/docs.google.com\/document\/d\/1k8tDdPt93gZl2YABO_GIdrQC5hFKHWXj\/edit?usp=sharing&amp;ouid=117965855946921972467&amp;rtpof=true&amp;sd=true\"><strong>Formularz zg\u0142oszeniowy ZS Be\u0142\u017cyce*\u00a0<\/strong><\/a><\/h1><div>\u00a0<\/div><div>* &#8211; aby pobra\u0107 formularz do wype\u0142nienia klikamy &#8222;Plik&#8221;, nast\u0119pnie &#8222;Pobierz&#8221; i wybieramy interesuj\u0105cy nas format.<\/div>\t\t\t\t\t\t<\/div>\n\t\t\t\t<\/div>\n\t\t\t\t\t<\/div>\n\t\t<\/div>\n\t\t\t\t\t\t\t<\/div>\n\t\t<\/section>\n\t\t\t\t\t\t\t<\/div>\n\t\t","protected":false},"excerpt":{"rendered":"<p>Regulamin rekrutacji Formularz zg\u0142oszeniowy ZS Be\u0142\u017cyce*\u00a0 \u00a0* &#8211; aby pobra\u0107 formularz do wype\u0142nienia klikamy &#8222;Plik&#8221;, nast\u0119pnie &#8222;Pobierz&#8221; i wybieramy interesuj\u0105cy nas format.<\/p>\n","protected":false},"author":1,"featured_media":0,"parent":0,"menu_order":13,"comment_status":"closed","ping_status":"closed","template":"","meta":{"footnotes":""},"class_list":["post-1783","page","type-page","status-publish","hentry"],"_links":{"self":[{"href":"https:\/\/zs-belzyce.edu.pl\/index.php?rest_route=\/wp\/v2\/pages\/1783","targetHints":{"allow":["GET"]}}],"collection":[{"href":"https:\/\/zs-belzyce.edu.pl\/index.php?rest_route=\/wp\/v2\/pages"}],"about":[{"href":"https:\/\/zs-belzyce.edu.pl\/index.php?rest_route=\/wp\/v2\/types\/page"}],"author":[{"embeddable":true,"href":"https:\/\/zs-belzyce.edu.pl\/index.php?rest_route=\/wp\/v2\/users\/1"}],"replies":[{"embeddable":true,"href":"https:\/\/zs-belzyce.edu.pl\/index.php?rest_route=%2Fwp%2Fv2%2Fcomments&post=1783"}],"version-history":[{"count":16,"href":"https:\/\/zs-belzyce.edu.pl\/index.php?rest_route=\/wp\/v2\/pages\/1783\/revisions"}],"predecessor-version":[{"id":1801,"href":"https:\/\/zs-belzyce.edu.pl\/index.php?rest_route=\/wp\/v2\/pages\/1783\/revisions\/1801"}],"wp:attachment":[{"href":"https:\/\/zs-belzyce.edu.pl\/index.php?rest_route=%2Fwp%2Fv2%2Fmedia&parent=1783"}],"curies":[{"name":"wp","href":"https:\/\/api.w.org\/{rel}","templated":true}]}}