{"id":2360,"date":"2025-04-30T10:28:45","date_gmt":"2025-04-30T10:28:45","guid":{"rendered":"https:\/\/zs-belzyce.edu.pl\/?page_id=2360"},"modified":"2025-04-30T10:29:39","modified_gmt":"2025-04-30T10:29:39","slug":"rekrutacja-laboratorium-innowacji-3d","status":"publish","type":"page","link":"https:\/\/zs-belzyce.edu.pl\/?page_id=2360","title":{"rendered":"Rekrutacja &#8222;Laboratorium Innowacji 3D&#8221;"},"content":{"rendered":"\n<p class=\"has-text-align-center has-medium-font-size\"><a href=\"https:\/\/docs.google.com\/document\/d\/11ewhRdQxYRvo1_KL98GtYp0hzvqQJLFJ\/edit?usp=sharing&amp;ouid=117965855946921972467&amp;rtpof=true&amp;sd=true\"><strong>Regulamin rekrutacji<\/strong><\/a><\/p>\n\n\n\n<p class=\"has-text-align-center has-medium-font-size\"><a href=\"https:\/\/docs.google.com\/document\/d\/1y3X7Bcc4RH61C3H-0rjqj1SFYJneclds\/edit?usp=sharing&amp;ouid=117965855946921972467&amp;rtpof=true&amp;sd=true\"><strong>Za\u0142\u0105cznik do Formularzy zg\u0142oszeniowych &#8211; Klauzula informacyjna<\/strong><\/a><\/p>\n\n\n\n<p class=\"has-text-align-center has-medium-font-size\"><a href=\"https:\/\/docs.google.com\/document\/d\/1nwSAQeC5-bBnBoVR8WLf2FNJvVbVOg5_\/edit?usp=sharing&amp;ouid=117965855946921972467&amp;rtpof=true&amp;sd=true\"><strong>Za\u0142\u0105cznik nr 1 Formularz rekrutacyjny &#8211; Nauczyciel<\/strong><\/a><\/p>\n\n\n\n<p class=\"has-text-align-center has-medium-font-size\"><a href=\"https:\/\/docs.google.com\/document\/d\/1KBI0xtLHDUySg9yhMg0fQytva3ZCLE4y\/edit?usp=sharing&amp;ouid=117965855946921972467&amp;rtpof=true&amp;sd=true\"><strong>Za\u0142\u0105cznik nr 2 Formularz rekrutacyjny &#8211; Ucze\u0144 <\/strong><\/a><\/p>\n\n\n\n<p class=\"has-text-align-center has-medium-font-size\"><a href=\"https:\/\/docs.google.com\/document\/d\/1FYPkuGkgm4PzyWdAqxnz8_4A08zgEcK6\/edit?usp=sharing&amp;ouid=117965855946921972467&amp;rtpof=true&amp;sd=true\"><strong>Za\u0142\u0105cznik nr 3 Deklaracja udzia\u0142u w projekcie<\/strong><\/a><\/p>\n","protected":false},"excerpt":{"rendered":"<p>Regulamin rekrutacji Za\u0142\u0105cznik do Formularzy zg\u0142oszeniowych &#8211; Klauzula informacyjna Za\u0142\u0105cznik nr 1 Formularz rekrutacyjny &#8211; Nauczyciel Za\u0142\u0105cznik nr 2 Formularz rekrutacyjny &#8211; [&hellip;]<\/p>\n","protected":false},"author":1,"featured_media":0,"parent":0,"menu_order":5,"comment_status":"closed","ping_status":"closed","template":"","meta":{"footnotes":""},"class_list":["post-2360","page","type-page","status-publish","hentry"],"_links":{"self":[{"href":"https:\/\/zs-belzyce.edu.pl\/index.php?rest_route=\/wp\/v2\/pages\/2360","targetHints":{"allow":["GET"]}}],"collection":[{"href":"https:\/\/zs-belzyce.edu.pl\/index.php?rest_route=\/wp\/v2\/pages"}],"about":[{"href":"https:\/\/zs-belzyce.edu.pl\/index.php?rest_route=\/wp\/v2\/types\/page"}],"author":[{"embeddable":true,"href":"https:\/\/zs-belzyce.edu.pl\/index.php?rest_route=\/wp\/v2\/users\/1"}],"replies":[{"embeddable":true,"href":"https:\/\/zs-belzyce.edu.pl\/index.php?rest_route=%2Fwp%2Fv2%2Fcomments&post=2360"}],"version-history":[{"count":2,"href":"https:\/\/zs-belzyce.edu.pl\/index.php?rest_route=\/wp\/v2\/pages\/2360\/revisions"}],"predecessor-version":[{"id":2363,"href":"https:\/\/zs-belzyce.edu.pl\/index.php?rest_route=\/wp\/v2\/pages\/2360\/revisions\/2363"}],"wp:attachment":[{"href":"https:\/\/zs-belzyce.edu.pl\/index.php?rest_route=%2Fwp%2Fv2%2Fmedia&parent=2360"}],"curies":[{"name":"wp","href":"https:\/\/api.w.org\/{rel}","templated":true}]}}