{"id":756,"date":"2023-01-31T17:48:55","date_gmt":"2023-01-31T17:48:55","guid":{"rendered":"https:\/\/zs-belzyce.edu.pl\/?page_id=756"},"modified":"2023-11-08T12:39:31","modified_gmt":"2023-11-08T12:39:31","slug":"nagroda-patrona","status":"publish","type":"page","link":"https:\/\/zs-belzyce.edu.pl\/?page_id=756","title":{"rendered":"Nagroda Patrona"},"content":{"rendered":"\n<p class=\"has-medium-font-size\"><\/p>\n\n\n\n<p>Nagroda Patrona 2014 \u2013 <strong>Rafa\u0142 Rosi\u0144ski<\/strong>, absolwent Liceum Og\u00f3lnokszta\u0142c\u0105cego<br><br>Nagroda Patrona 2015 \u2013 <strong>Rafa\u0142 Mastalerz<\/strong>, absolwent Liceum Og\u00f3lnokszta\u0142c\u0105cego<br><br>Nagroda Patrona 2016 \u2013 <strong>Justyna Iwaniak<\/strong>, absolwentka Liceum Og\u00f3lnokszta\u0142c\u0105cego<br><br>Nagroda Patrona 2016 \u2013 <strong>Sylwia Anasiewicz<\/strong>, absolwentka Liceum Og\u00f3lnokszta\u0142c\u0105cego<br><br>Nagroda Patrona 2018 \u2013 <strong>Justyna Litwinek<\/strong>, absolwentka Liceum Og\u00f3lnokszta\u0142c\u0105cego<br><br>Nagroda Patrona 2019 \u2013 <strong>Sebastian Pro\u015bci\u0144ski<\/strong>, absolwent Technikum<br><br>Nagroda Patrona 2021 \u2013 <strong>Anna Kwiecie\u0144<\/strong>, absolwentka Liceum Og\u00f3lnokszta\u0142c\u0105cego<br><br>Nagroda Patrona 2022 \u2013 <strong>Weronika Mi\u0105c<\/strong>, absolwentka Liceum Og\u00f3lnokszta\u0142c\u0105cego<br> <br>Nagroda Patrona 2023 \u2013 <strong>Adam Jakubowski<\/strong>, absolwent Liceum Og\u00f3lnokszta\u0142c\u0105cego                     <\/p>\n\n\n\n<p><\/p>\n","protected":false},"excerpt":{"rendered":"<p>Nagroda Patrona 2014 \u2013 Rafa\u0142 Rosi\u0144ski, absolwent Liceum Og\u00f3lnokszta\u0142c\u0105cego Nagroda Patrona 2015 \u2013 Rafa\u0142 Mastalerz, absolwent Liceum Og\u00f3lnokszta\u0142c\u0105cego Nagroda Patrona 2016 \u2013 [&hellip;]<\/p>\n","protected":false},"author":1,"featured_media":0,"parent":0,"menu_order":51,"comment_status":"closed","ping_status":"closed","template":"","meta":{"footnotes":""},"class_list":["post-756","page","type-page","status-publish","hentry"],"_links":{"self":[{"href":"https:\/\/zs-belzyce.edu.pl\/index.php?rest_route=\/wp\/v2\/pages\/756","targetHints":{"allow":["GET"]}}],"collection":[{"href":"https:\/\/zs-belzyce.edu.pl\/index.php?rest_route=\/wp\/v2\/pages"}],"about":[{"href":"https:\/\/zs-belzyce.edu.pl\/index.php?rest_route=\/wp\/v2\/types\/page"}],"author":[{"embeddable":true,"href":"https:\/\/zs-belzyce.edu.pl\/index.php?rest_route=\/wp\/v2\/users\/1"}],"replies":[{"embeddable":true,"href":"https:\/\/zs-belzyce.edu.pl\/index.php?rest_route=%2Fwp%2Fv2%2Fcomments&post=756"}],"version-history":[{"count":3,"href":"https:\/\/zs-belzyce.edu.pl\/index.php?rest_route=\/wp\/v2\/pages\/756\/revisions"}],"predecessor-version":[{"id":1657,"href":"https:\/\/zs-belzyce.edu.pl\/index.php?rest_route=\/wp\/v2\/pages\/756\/revisions\/1657"}],"wp:attachment":[{"href":"https:\/\/zs-belzyce.edu.pl\/index.php?rest_route=%2Fwp%2Fv2%2Fmedia&parent=756"}],"curies":[{"name":"wp","href":"https:\/\/api.w.org\/{rel}","templated":true}]}}